c**3 + 0. What is j(1)?
9
Suppose -4 = -w + 8. Let z(r) = 17 + 33 + 32*r - 39 - 34*r + 15. Give z(w).
2
Let v(x) = 56*x + 17. Let y(m) = 62*m + 17. Let r(p) = 7*v(p) - 6*y(p). Determine r(-1).
-3
Let m(g) = -g + 4. Suppose 289 = -11*d + 69. Let h be (d + 2)*(-126)/27. Let s = h + -79. Determine m(s).
-1
Let y(u) = -u**2 + u + 5. Let h(i) = 4*i - 13. Let m be h(5). Let a(d) = -d**3 - 2*d**2 + 3*d + 4. Let o be a(-3). Suppose -o*b = -m*b. Determine y(b).
5
Let w(y) = -y + y + 0 - y**3 - 7*y**2 - 9*y - 3. Suppose 41*d - 100 = -151 - 195. Calculate w(d).
15
Let d(g) be the second derivative of 2*g**3/3 + 5*g**2/2 + 6857*g + 1. Give d(-3).
-7
Let c(b) = -569*b**2 - 8 + 8*b + 562*b**2 + b**3 + 29 - 23*b. Give c(9).
48
Let z(n) = 2*n - 12. Suppose -l + 6*l - 20 = 0. Suppose -2*d - l*k + 18 = -6*k, 36 = 4*d - 5*k. Give z(d).
6
Let b(j) = -7*j + 14. Let v be (671/(-22) + 29)*32/6. Calculate b(v).
70
Let d(q) = 4*q + 7. Let k = -38 + 69. Let f(p) = k + 2*p + 0*p - 27. Let a(b) = -2*d(b) + 5*f(b). Give a(-7).
-8
Suppose 1 = -y, -5*r - 4*y - 60 = -6. Let n(t) = 2 - 4*t**3 + 37*t**3 + 10*t**2 - 6*t**3 - 13*t**3 - 13*t**3. Calculate n(r).
2
Let q(a) = -3*a + 72. Let u be q(24). Let o(v) = -2*v**2 - 2*v. Let k(f) = -f**3 - 11*f**2 - 9*f - 21. Let x(l) = -k(l) + 5*o(l). Calculate x(u).
21
Suppose 0 = -3*k - k - w, 0 = k + 3*w. Suppose k = -8*y - 39 - 25. Let u(p) = 3*p**3 - 2*p - 4*p**3 + p - 8*p**2 - 6. Determine u(y).
2
Let p(q) = q**3 + 2*q**2 - 5*q + 3. Suppose 216 = 49*l - 13*l. Suppose l*s - 74 = -31*s. Calculate p(s).
9
Let d(i) = 0 + 5*i + 10*i + 11 - 3*i - 3*i + 4*i**2. Calculate d(-5).
66
Suppose -18 = 3*s - 4*k, 238*s - 4*k = 241*s - 6. Let p(g) = 15*g**2 + g - 5. Determine p(s).
53
Let x be (-2)/(-11) + (-124)/(-44) - 113. Let i = -104 - x. Let z(t) = t**2 - 4*t - 1. What is z(i)?
11
Let j(m) = -151*m - 91. Let h(y) = -43*y - 31. Let o(s) = 7*h(s) - 2*j(s). Give o(4).
-31
Let w(v) = 12*v - 1. Let f(x) = 510*x**3 + 5*x**2 + 5*x + 1. Let h be f(-1). Let z = h + 510. Give w(z).
11
Let q(o) = 2*o + 2. Suppose -3*k - 19 = -5*f, f + 3*k - 10 - 1 = 0. Suppose f*m + 3*c + 40 = 95, -5*c + 57 = 4*m. Suppose -m*g = 21 + 11. Determine q(g).
-6
Let i(m) = -4550*m - 6*m**2 + 4*m**2 + 11 + 4538*m. Determine i(-8).
-21
Suppose -2*f = -0 + 2. Let m be (16/20)/(f/5). Let o(c) = -2 + 8*c + 5*c + 0*c - 12*c. Determine o(m).
-6
Let o(b) = b**2 - 12*b + 1. Let a be (288/(-396))/((-4)/66). Give o(a).
1
Let f = -209 + 369. Suppose 9*b + 31*b - f = 0. Let n(t) = -2*t + 4. What is n(b)?
-4
Let t(p) = 14*p**3 - p - 1. Let g be (7290/48)/(-1) - 2/16. Let a = 151 + g. Determine t(a).
-14
Let y(i) = -5*i**3 - 13*i**2 - i + 2. Let o(d) = -d**3 - 2*d**2. Let v(h) = 6*o(h) - y(h). Let m = -1102 + 1104. Calculate v(m).
-4
Let q(y) = 51*y**2 - 57*y**3 + 5*y**3 - 5*y - 14*y**2 - 84 + 49*y**3. Calculate q(12).
0
Let s(c) = -c**3 - c**2 - c - 3. Let p = 330 + -334. Let i be 3/((-2)/(p/(-3))). What is s(i)?
3
Let a(c) = -c**2 + c - 5. Suppose -3*z - 137 = -149. What is a(z)?
-17
Let v(f) be the second derivative of -f**4/12 + f**3/6 + 15*f**2/2 + 2168*f + 1. What is v(-7)?
-41
Let x(d) = -d**2 - 31*d + 215. Let h be x(6). Let r(l) = -l**2 - 8*l - 4. Let t(i) = -1. Let j(q) = r(q) - 4*t(q). Give j(h).
7
Let v(x) = -179*x**2 + 2*x + 14. Let h(k) = 143*k**2 - 3*k - 13. Let d(m) = 5*h(m) + 4*v(m). Give d(-2).
1
Let x(j) = 5*j**3 - 5*j**2 + 5*j + 7. Suppose 0*m + 28 = -7*m. Let l(q) = 4*q**3 - 5*q**2 + 5*q + 5. Let d(w) = m*l(w) + 3*x(w). Determine d(4).
-3
Let x(m) = -m**2 - m - 1. Let n(l) = 5*l**2 + 10. Let w(k) = n(k) + 4*x(k). Let r = 44 + -33. Let h = r - 7. What is w(h)?
6
Suppose -139*q = 28*q - 1169. Let j(m) = 12*m - 22. Calculate j(q).
62
Let o = 5412 + -5410. Let i(k) be the first derivative of k + 4/3*k**3 - 11 - 1/4*k**4 - 1/2*k**o. Give i(3).
7
Let c(w) = -w**3 + 13*w**2 - 43*w + 33. Let x be c(8). Let y(q) = -q**3 + 10*q**2 - 5*q - 33. Give y(x).
3
Let b(h) be the second derivative of 0 + h**2 + 1/2*h**3 - 28*h. Determine b(-4).
-10
Let i(l) = l - 10. Let h be i(6). Let m(u) be the third derivative of -5*u**4/24 - u**3/2 + 601*u**2 - 2*u. What is m(h)?
17
Let w(j) = -2*j**3 - 2*j**2. Let b(x) = 13*x**3 - 4*x**2 - 33*x - 14. Let v(y) = -b(y) - 7*w(y). Determine v(-16).
-2
Let s(t) = t**2. Suppose -3*g - 4*p = p + 3, 5*g + 5 = 3*p. Let q(d) = -7*d**2 - 6*d + 2. Let h(w) = g*q(w) - 6*s(w). Give h(-5).
-7
Let j(x) be the second derivative of x**4/12 - x**3/3 - x**2 - 551*x. Calculate j(3).
1
Let f(l) = -2766*l + 11078. Let z be f(4). Let m(h) = -4*h**2 + 10*h + 4. Let n(x) = 7*x**2 - 21*x - 9. Let d(q) = -5*m(q) - 3*n(q). Determine d(z).
-7
Let w(p) = -6*p + 25*p + 148 - 663*p**2 - 30 + 662*p**2. Determine w(24).
-2
Let v(o) = -o**3 - 3*o**2 + o - 4. Suppose -231*n = -248*n + 51. Suppose 4*r + 4 = -0, -3*j - 2*r = -16. Suppose -n*a - 3 = j. What is v(a)?
-7
Suppose 8 = 28*h - 24*h. Let c(k) = 5*k**2 - 4*k**h - 1 + 7*k - 3*k**2 + 4*k**2. Let z(f) = -6*f**2 + 25*f - 9. Let g be z(4). Calculate c(g).
14
Let j(x) be the third derivative of -x**6/60 - x**5/20 + 5*x**4/24 + 7*x**3/6 + 328*x**2. Determine j(-3).
19
Let g(y) = -73*y + 97. Let w(o) = 24*o - 34. Let q(a) = 6*g(a) + 17*w(a). Calculate q(-2).
64
Let n(u) = -u**3 - 2*u**2 - 1. Let s(v) = 3*v**3 + 13*v**2 + 9*v + 14. Let p be ((-36)/(-90) - (-3)/5)*-1. Let j(k) = p*s(k) - 2*n(k). What is j(-8)?
-4
Let n(f) = -8*f - 6*f**2 + f**3 - 49 + f**2 + 26 + 21. Suppose 3*g + 7*c = 12*c + 23, 0 = 5*g + 3*c - 27. Determine n(g).
-14
Let y(n) = -223*n - 10 + 2*n**2 - n**2 - 1 - 225*n + 446*n. Suppose 3*w = 4*w + 2*p - 15, -5*w = -3*p - 10. Determine y(w).
4
Let a(o) = -6*o**2 + 47*o + 18. Let l(p) = 3*p**2 - 21*p - 9. Let g(j) = 4*a(j) + 9*l(j). Calculate g(7).
131
Let y(g) = -26*g**2 - g - 21 - 24 + 25*g**2 - 19 + 67. Determine y(-3).
-3
Let c(i) = i**2 + 5*i + 2. Suppose 8*z - 265 = -185. Suppose -12*n + 10*n = z. What is c(n)?
2
Suppose 24*k - 23*k = 0. Suppose 3*q - 4*w - 67 = k, -2*q + q + 33 = -4*w. Let c(v) = -14 + 0*v + 3*v - 3*v**2 + v**2 + q. Calculate c(3).
-6
Let y(q) = 11*q - 66*q**2 + 67*q**2 - 2*q + 12 + 8*q. Suppose -3 = b + 13. Let d be y(b). Let u(r) = 2*r**2 + 6*r + 6. Determine u(d).
14
Let o(c) = -6*c + 1. Let r be ((-3)/4)/((-21)/84). Let t be -6 + -1 - (3 - (10 - r)). Give o(t).
19
Suppose 0*v + 2*h - 16 = -3*v, -4*h = -4*v - 12. Let u(n) = 0 - v - 12*n + 17*n - 6. Determine u(6).
22
Suppose 118 + 56 = -87*s. Let i(t) be the first derivative of t**3/3 - 3*t + 57. What is i(s)?
1
Let l = 232 + -181. Let i(n) = 70*n**2 - 8 - n - 33*n**2 - n**3 - l*n**2. Calculate i(-14).
6
Let w(q) be the second derivative of -q**5/20 + 17*q**4/12 - 5*q**3 + 5*q**2 + 1291*q. Determine w(15).
10
Suppose 3*s = 5*p + 3 - 18, 0 = -5*p - 5*s + 15. Suppose -2*a + p*r = 10, 6*r = 4*a + r + 16. Let k(y) = -29*y**3 + 1. Determine k(a).
-28
Let v(d) = -4*d + 4*d + d - 5. Let q = 17861 - 17857. What is v(q)?
-1
Let q(a) = 6*a + 11. Let d = -3240 + 3237. Give q(d).
-7
Let v(l) = -l**2. Let i(p) = -2*p**2 + 2*p - 3. Suppose -t + 3*j - 11 = 5, -2*j + 7 = 3*t. Let k(s) = t*i(s) + 4*v(s). Suppose -h + 1 + 1 = 0. Calculate k(h).
-9
Let l(p) = -2*p**2 + 12*p - 12. Let o(y) = -2*y**2 - 2*y + 17. Let n be o(3). Let w(x) = x**2 - 7*x + 6. Let k(m) = n*w(m) - 4*l(m). What is k(0)?
6
Let s(q) = -47*q + 426. Let z(n) = 18*n - 170. Let d(c) = 5*s(c) + 13*z(c). Calculate d(0).
-80
Let a(y) = -75*y - 180. Let f(l) = 68*l + 165. Let m(o) = -10*a(o) - 11*f(o). Let q(w) = -w**2 - 9*w - 6. Let g be q(-7). Give m(g).
1
Let h(t) be the first derivative of 21 + 2*t**3 + 5*t - 78 - 4*t. Let n be (4/(-16))/(1/(-4)). Calculate h(n).
7
Let o(v) = -v**3 + 6*v**2 + 2*v - 2. Let q(p) = 2*p**2 - 3*p - 19. Let u be q(-8). Let h = -127 + u. What is o(h)?
10
Let m(j) = -14*j - 1. Let t = 528 + -1016. Let q = -487 - t. Determine m(q).
-15
Let r = 72 - 62. Let m(n) = -600*n - n**3 + 299*n + 6 + 10*n**2 + 300*n. Give m(r).
-4
Let p be ((-153)/2 - 8/(-16))/(-2). Suppose -13*u = -51 + p. Let i(v) = 1 - 2*v**2 - 2*v + v + 10*v**2. Determine i(u).
8
Let r(j) = j**3 + j + 11. Let s(c) = 5*c**3 + 25*c**2 - 49*c + 77. Let i(q) = -4*r(q) + s(q). What is i(-27)?
6
Let v(i) be the first derivative of -i**3/3 + i**2/2 + 4*i - 2. Let n = -697 + 725. Let h be (-60)/450 - (n/15 - 2). Determ